22)).
-32
Evaluate 271 + -263 - (1 + (-2 - 0 - 6)).
15
12 + -7 - (5 - 5)
5
What is the value of 1 - 5 - (-350 + 370 - (30 + 0))?
6
(-40 - -29) + 25 - 35
-21
Calculate -8 + (1 - (7 - 31)) + -8.
9
Evaluate (0 - 0 - 4) + (-35 - -40).
1
10 + (4 - 0) + -7 + -21
-14
Calculate (-15 + 14 - 1) + (2 - 0).
0
8 + -4 + 8 + (-19 - -9) + 12
14
Calculate (2 - 6) + 4 + -5 + -16 + 56.
35
1 + (-2 - (0 - 3 - (19 + -16)))
5
What is the value of 4 - (-10 + -4 + 8)?
10
What is 10 - (6 + (11 - 14) + 10)?
-3
Evaluate 1 + (47 - 15 - 19).
14
What is the value of (-10 + 2 - (-3 + -13 + -3)) + 15?
26
12 + (8 - 9 - -9) - 9
11
Calculate (15 - 13) + (-2 - 15) - (-7 + 2).
-10
Calculate -9 + -2 + 5 + -3 - (9 + -5).
-13
Calculate -3 - -25 - (192 + -146).
-24
Evaluate 20 + 0 + (-431 - -441 - (14 - -1)).
15
What is the value of -4 + 2 + 6 + -4 + (44 - 61)?
-17
Calculate -2 + 0 + -1 + 1 - -8.
6
What is the value of 29 + (18 - (20 - 11))?
38
What is the value of -4 + (47 - 27 - -4)?
20
What is (-20 - -25) + -16 + 14?
3
What is the value of -39 + 24 - (-3 - (3 + -4 + -5))?
-18
What is (-9 + -22 - -17) + -13?
-27
-42 + 36 - ((3 - 2) + -10)
3
What is the value of 1 + 35 + -19 - 6?
11
Evaluate (-39 - (-17 - 28)) + 17.
23
Calculate (6 - -5) + (-4 - (-3 + 1)).
9
Evaluate (1 - -7) + (39 - 36) + 3 + -1.
13
What is 8 + 2 - (-20 - -38) - -24?
16
Evaluate -14 + 24 + 21 + -34.
-3
Evaluate 3 - ((6 - 4) + 3 + 2 + 0).
-4
What is 24 - (-9 + 57 - 13)?
-11
(-1 - (-10 - -3)) + -3
3
Evaluate (-29 + 13 - -25) + -10.
-1
47 - (-4 + 43 + -14)
22
Evaluate (32 + -18 - 21 - -6) + (5 - -2).
6
Calculate 0 - -12 - (11 - 9 - -8).
2
What is the value of 1 - -14 - (-257 - -269)?
3
-6 - ((6 - 0) + -12 - (7 + 2))
9
What is the value of -179 + 164 - (-2 + 9)?
-22
What is -45 + -48 + 88 + -15?
-20
3 + -3 + 415 + -434
-19
What is the value of (0 - 16) + 21 - 2?
3
What is the value of (11 - 3) + -5 - 3 - (18 + -38)?
20
What is 2 + (-23 - (-28 + 14)) + 17?
10
What is the value of -4 + 11 + -37 - (-12 + 7)?
-25
What is (-17 - (6 - 3)) + -3 + 2 + 0?
-21
What is (26 - 3) + -6 + 4 - (-135 + 142)?
14
Evaluate -11 - ((-3 - -5) + 7 + (-82 - -85)).
-23
Calculate -6 + -4 - (3 + -10 + 3).
-6
What is the value of 9 - ((-1 - -7) + (12 - 48) + 3)?
36
(36 - 26) + -1 + -1 + -6
2
What is the value of 0 + -43 + -3 + 4 + (0 - -7)?
-35
Evaluate (19 - 0) + 41 + -48 - (-8 - 1).
21
Calculate -20 - -22 - (2 + 1).
-1
Calculate 8 + (3 - -4) + -9 - -2 - 21.
-13
(32 - 21) + 30 + -18
23
What is (1 - 1) + -2 - ((-20 - -14) + 2)?
2
1863 + -1844 - (7 + -1)
13
(63 - 33) + -38 + (10 - -3)
5
Evaluate 30 + -1 + -6 - (-5 + 12).
16
What is (6 - -27) + (-24 - -1)?
10
Calculate (2 - 4) + -1 - (-2592 + 2592).
-3
-1 - -4 - -1 - (90 + -81)
-5
Evaluate 1 + (7 - 2 - -16) + 11 + -15.
18
Evaluate -7 + -9 - -8 - (-17 - (-6 - -14)).
17
What is -16 + (10 - (-4 - -8)) + -7?
-17
What is 15 + -1 + -3 + 2 + (0 - 2)?
11
Evaluate -7 - (0 + -11 + -9).
13
Calculate (0 - (26 - 9)) + 27.
10
What is -3 + -29 - -3 - -12?
-17
Evaluate -14 - ((2 - -7) + -3 + 3).
-23
Evaluate 3 - 14 - (-70 + 87).
-28
What is the value of (1 - (-5 + -4)) + 16 + (-13 - -2)?
15
-8 - (25 - (22 + -7))
-18
Calculate 22 - (31 - (-34 + 21)).
-22
-20 + (-8 - (5 - (-12 - -25)))
-20
35 + -40 - (-36 - -8)
23
What is the value of (-62 - -46) + (39 - 6)?
17
What is -13 - (-50 + 5 - -18)?
14
Evaluate -12 - -16 - (7 + -2 + -1) - 3.
-3
What is the value of -23 + (41 - 41) - -39?
16
0 - (6 + (-23 - -10))
7
What is the value of -1 - (13 + 2 + (1 - -2 - 1))?
-18
What is 10 - (-17 - ((3 - 3) + -8))?
19
Calculate (25 - 24) + -2 - (-11 + 1).
9
Evaluate -10 - (19 + -41 + 9).
3
(18 - 9 - -5) + -9 + -4 + 8
9
Evaluate -5 + -1 + 11 + -15.
-10
Evaluate -10 + (0 + 0 - (-24 + (19 - 25))).
20
Evaluate (18 + 14 - 51) + 23.
4
Calculate (-27 - (3 + -13)) + -11.
-28
Evaluate (12 - 3) + (15 - 12) - 17.
-5
Calculate -1 + (35 + -14 - -11).
31
Calculate 10 + (3 - -2 - (-3 + 15)).
3
Calculate (8 - (-15 + 30)) + -16 - (-5 + 3).
-21
What is the value of 0 - 15 - (-7 - 3) - (-2 - 0)?
-3
Evaluate (-13 + -2 - 14) + (3 - -3).
-23
What is -7 + ((-7 - -12) + 13 - -6) + -8?
9
What is 6 - (0 + 1) - (-82 - -53 - 3)?
37
30 + (-13 - -21 - 7) + -1 + -4
26
What is 8 + -4 + 8 + (-5 - (3 - -2))?
2
Calculate 29 + 0 - (-18 + 45).
2
Calculate -173 + 168 + (3 - (-4 - -6)).
-4
Evaluate 11 + (-3 + 3 - 2 - (-8 + 3)).
14
What is -42 - -68 - ((-4 - -3) + -1)?
28
Calculate 31 + -29 + 8 + -1 + -3 + -8.
-2
Evaluate 10 - 24 - -13 - (-6 - 0).
5
Calculate 0 + -9 + -1 - (-17 - -17).
-10
What is -9 - ((46 - 55) + (2 - -2 - -4))?
-8
What is 0 - -17 - (-55 - (47 - 127))?
-8
-2 + (3 + 4 + -3 - -1) + -4
-1
41 - (-8 + 33) - 4
12
(13 - 3) + (-3 - 1) + 3
9
What is the value of -9 + (49 - (0 - -7)) + 1 + -6?
28
What is 1 - (-2 + -9 + 10 - 1)?
3
Calculate (5 - 14) + 6 + -1 - (4 + 2).
-10
Evaluate -10 - 1 - (7 + -3 + -1).
-14
Calculate 1 + 4 - (-23 - -22) - (2 - -1).
3
Calculate -2 + -7 + 3 + 21 + -10 + 9.
14
What is the value of -6 - (-4 - (-4 + 0)) - (-5 + 3)?
-4
Calculate 1 - -8 - (24 - 5).
-10
16 + 10 + -60 - -4
-30
What is -1 + 9 - (63 + -40) - 7?
-22
What is the value of 17 + -20 + -3 + (10 - 1) + -14?
-11
What is -12 + (-7 - (12 + -17))?
-14
34 + -40 - (-3 - 0 - -1 - 2)
-2
Evaluate (-37 - -1) + 1116 + -1118.
-38
What is the value of (20 - (-17 - -43)) + 18 + -2?
10
1 - 11 - (105 - 119) - -10
14
3 - ((6 - 15) + 1 + 7)
4
What is the value of 7 + (-61 - -64) + (-2 - 1)?
7
What is the value of 0 + 6 + -7 + 1 + -12?
-12
Calculate (9 - 1 - (-1 + 8) - -7) + -22.
-14
Calculate 202 + -198 - ((4 - 2) + 6) - -1.
-3
What is the value of -9 - (0 + (16 - 16))?
-9
What is 2 - -16 - 19 - -7?
6
-9 - 0 - (-35 + (10 - -6))
10
Evaluate (-11 - (-13 - -9)) + (1 - (3 - 7)).
-2
27 + (-27 - -6) - (0 - -5)
1
Calculate (1 - 4) + 15 + -20 - 9.
-17
Evaluate -35 + (32 - 39 - -34).
-8
What is (11 - -4) + (-25 - -10)?
0
Calculate -10 + -5 + (9 - 13) - -1.
-18
Calculate 8 + 2 + 14 - (20 + -22).
26
What is 26 + -23 + 4 + -26?
-19
What is (-2 - -3) + (5 - -7)?
13
What is the value of -11 - ((-1 - -3) + -3 - (51 - 44))?
-3
14 + -11 + -1 - 13
-11
What is the value of 21 + -13 + -1 + 15 + 1 + 6?
29
What is the value of (2 - 0) + -7 + (4 - -12) + -2?
9
Evaluate 21 - (6 + 3 - -26).
-14
What is the value of (-13 + 4 - -9) + (-1 - -22)?
21
2 - ((-6 - 1) + (-32 + 19 - -15))
7
Evaluate (0 - (36 - 1)) + -27 + (54 - 18).
-26
What is the value of -11 + (26 - (2 + 27))?
-14
(29 - (13 + -6)) + (3 - 1) - 4
20
Calculate (-3 + 0 + (-18 - -15) - -4) + 23.
21
Evaluate -15 + 8 + -4 + -6.
-17
Evaluate (66 - 48) + (-2 - 1 - (15 + -11)).
11
Evaluate -15 - (-13 + 17 + -7) - (0 - 6).
-6
Evaluate -4 - (-2 - (6 + -18 + 14)).
0
What is (1 - -10) + (23 - (-10 - -41))?
3
What is 4 + -24 + 55 + -29?
6
Evaluate -12 + 6 + 29 + -9 + (2 - 0).
16
(6 - (1 + -2)) + -2 - 6 - 1
-2
What is the value of 0 + 0 + -8 + 2 - 3?
-9
What is (-12 - -37 - 34) + 39?
30
-205 - -211 - (1 - (1 + -9))
-3
Evaluate (-5 - (18 - 10)) + 10 - (1 + 5).
-9
Evaluate -16 - (-29 - (-22 + 22)).
13
Calculate -13 - ((0 - -13) + (83 - 88)).
-21
Evaluate -25 + (20 - 24) + (3 - -7).
-19
Calculate (-2 + 0 + -2 - (-457 + 456)) + 8.
5
-10 + 15 + -8 + 11 + (0 - 10)
-2
Calculate (1 - 10) + (-188 - -191).
-6
5 - -1 - (24 - 22) - (-3 - -7)
0
What is 217 + -233 - (-12 + 1)?
-5
Evaluate 28 - (-32 - -30 - (-1 + 6) - -7).
28
What is 0 + -2 + 7 - (-7 - (7 + -28))?
-9
What is -4 + -8 + -8 + 7 + 22?
9
Evaluate 3 - (1 - (2 - -4 - (-5 + 5))).
8
What is 1 + -3 + 4 + (-7 - -7)?
2
Calculate -2 + (7 - (4 - 3)) + 10.
14
1 + -1 - (3 + 5 + 6 + -31)
17
(36 - (0 + 15)) + -9 + -5
7
What is -3 + -3 + 3 + -24 + 18?
-9
What is -587 + 618 - (19 + 0)?
12
-10 + 15 + 18 + (-13 - -3)
13
What is 3 + 39 + -17 + -13?
12
What is the value of -10 + 14 + 4 + -16?
-8
What is 15 - (5 + 0 + -4 - -4)?
10
What is (100 - 90) + (2 - 23)?
-11
42 - (27 + -13 + 12)
16
What is -1 + -9 + (114 - 47 - 56)?
1
What is the value of -17 + -10 + 4 - -25?
2
Evaluate 10 + 1 + -3 + (-56 + 50 - -2).
4
What is the value of 28 + -58 + 31 - (1 - -1)?
-1
What is -1 - 18 - (-3 - (-3 - -5 - -3))?
-11
(-349 - -331) + -2 + 20
0
-3 - (28 - (3 - 4 - -3))
-29
Evaluate (1 - -3) + (-57 - -36) + 32.
15
What is 647 - 653 - (0 + 11)?
-17
(4 - -6) + -5 + -16
-11
What is the value of -12 - (-3 + 3 + -4 - (32 + -35))?
-11
What is the value of -3 + 7 + (-35 +